{"id":205,"date":"2021-07-18T03:46:34","date_gmt":"2021-07-18T03:46:34","guid":{"rendered":"https:\/\/artystas.co\/?post_type=product&#038;p=205"},"modified":"2023-07-04T19:47:38","modified_gmt":"2023-07-05T00:47:38","slug":"hi-float-16-oz","status":"publish","type":"product","link":"https:\/\/artystas.co\/index.php\/producto\/hi-float-16-oz\/","title":{"rendered":"HI FLOAT 16 Onzas"},"content":{"rendered":"<p>HI-FLOAT es una soluci\u00f3n de pl\u00e1stico l\u00edquido que se seca al interior\u00a0 de un globo y forma una pel\u00edcula que retiene el helio por m\u00e1s tiempo.<\/p>\n<p>El HI FLOAT no es t\u00f3xico y las materias pl\u00e1sticas que lo componen son lavables con agua<\/p>\n<p>En la presentaci\u00f3n de este producto contiene 16 onzas o 473 mililitros o cent\u00edmetros c\u00fabicos<\/p>\n<p><strong>Modo de Uso:<\/strong><\/p>\n<p>Al recibir su producto, quitar la tapa del frasco y colocar la v\u00e1lvula de aplicaci\u00f3n. Presionar la bomba del frasco de HI-FLOAT y bombee hasta que el HI-FLOAT comience a salir por la boca de salida.<\/p>\n<p>Para aplicar en el globo, introduzca el globo por el pico de salida de la bomba y deslice el cuello del globo tan lejos como se pueda con el fin de inyectar el HI-FLOAT profundamente al interior del cuerpo del globo. (La clave para una aplicaci\u00f3n sin da\u00f1os es mantener el HIFLOAT fuera del cuello del globo desde donde puede escurrirse sobre sus manos o al pico de la botella de helio. Si le cae HI-FLOAT en las manos al atar el globo, es porque no lo introduce lo suficientemente profundo dentro del globo.)<\/p>\n<p>inyecte en el globo la cantidad de HI FLOAT suficiente y saque el globo del pico de salida del frasco. Frote suavemente el globo unos dos segundos para que el HI-FLOAT se distribuya en la superficie interior del globo. Mientras frota, mantenga a la vertical la abertura del globo para impedir al l\u00edquido entrar en el cuello del globo.<\/p>\n<p>Infle el Globo con Helio Certificado, y amarre el cuello del globo. Se necesitar\u00e1n algunas horas despu\u00e9s de inflado para que el HI-FLOAT seque suficientemente y no salpique si el globo estalla.<\/p>\n<p>Para obtener una vida de flotaci\u00f3n m\u00e1xima, mantenga los globos al interior, en un lugar con calefacci\u00f3n o climatizado entre 22 y 26 grados Celsius.<\/p>\n<p>Dentro de la caja del producto encontrar\u00e1 un folleto que tambi\u00e9n contiene instrucciones de uso del producto.<\/p>\n<p><strong>Recomendaciones<\/strong><\/p>\n<p>El HI FLOAT no es t\u00f3xico y las materias pl\u00e1sticas que lo componen son lavables con agua. Aunque no son t\u00f3xicos, mant\u00e9ngalos fuera del alcance de los ni\u00f1os. Si salpica en los ojos, enjuague con agua durante varios minutos.<\/p>\n<p>Se necesitar\u00e1n algunas horas despu\u00e9s de inflado para que el HI-FLOAT seque suficientemente y no salpique si el globo estalla. Aunque no sea t\u00f3xico, el HI-FLOAT h\u00famedo es como el pegamento de los sobres y podr\u00eda da\u00f1ar muebles o superficies como paredes, si los salpicara. Por consiguiente, se recomienda inflar los globos y mantenerlos alejados de estas superficies durante las primeras horas despu\u00e9s de inflados.<\/p>\n<p>&nbsp;<\/p>\n","protected":false},"excerpt":{"rendered":"<p>HI-FLOAT es una soluci\u00f3n de pl\u00e1stico l\u00edquido que se seca al interior\u00a0 de un globo y forma una pel\u00edcula que retiene el helio. HI-FLOAT permite que los globos de l\u00e1tex floten m\u00e1s tiempo!<\/p>\n<p><img loading=\"lazy\" decoding=\"async\" class=\"wp-image-285 alignleft\" src=\"https:\/\/artystas.co\/wp-content\/uploads\/2021\/07\/envios.png\" alt=\"\" width=\"200\" height=\"36\" \/><\/p>\n<p>&nbsp;<\/p>\n<p>&nbsp;<\/p>\n<p>&nbsp;<\/p>\n","protected":false},"featured_media":206,"template":"","meta":{"_mi_skip_tracking":false,"_monsterinsights_sitenote_active":false,"_monsterinsights_sitenote_note":"","_monsterinsights_sitenote_category":0},"product_cat":[20],"product_tag":[40,38,36,49,37,48,51,50,39],"class_list":["post-205","product","type-product","status-publish","has-post-thumbnail","hentry","product_cat-hifloat","product_tag-globos-con-helio","product_tag-helio","product_tag-hi-float","product_tag-hi-float-colombia","product_tag-hifloat","product_tag-hifloat-colombia","product_tag-liquido-para-globos","product_tag-tratamiento-para-globos-con-helio","product_tag-tratamiento-para-helio"],"_links":{"self":[{"href":"https:\/\/artystas.co\/index.php\/wp-json\/wp\/v2\/product\/205","targetHints":{"allow":["GET"]}}],"collection":[{"href":"https:\/\/artystas.co\/index.php\/wp-json\/wp\/v2\/product"}],"about":[{"href":"https:\/\/artystas.co\/index.php\/wp-json\/wp\/v2\/types\/product"}],"wp:featuredmedia":[{"embeddable":true,"href":"https:\/\/artystas.co\/index.php\/wp-json\/wp\/v2\/media\/206"}],"wp:attachment":[{"href":"https:\/\/artystas.co\/index.php\/wp-json\/wp\/v2\/media?parent=205"}],"wp:term":[{"taxonomy":"product_cat","embeddable":true,"href":"https:\/\/artystas.co\/index.php\/wp-json\/wp\/v2\/product_cat?post=205"},{"taxonomy":"product_tag","embeddable":true,"href":"https:\/\/artystas.co\/index.php\/wp-json\/wp\/v2\/product_tag?post=205"}],"curies":[{"name":"wp","href":"https:\/\/api.w.org\/{rel}","templated":true}]}}