{"id":512,"date":"2021-10-11T21:58:20","date_gmt":"2021-10-12T02:58:20","guid":{"rendered":"https:\/\/artystas.co\/?post_type=product&#038;p=512"},"modified":"2023-07-04T19:44:06","modified_gmt":"2023-07-05T00:44:06","slug":"pega-flux-ultra","status":"publish","type":"product","link":"https:\/\/artystas.co\/index.php\/producto\/pega-flux-ultra\/","title":{"rendered":"PegaFlux Ultra"},"content":{"rendered":"<p>Frasco con Pegante en aerosol para pegar globos de Microfoil.<\/p>\n<p>Sirve para pegar: globos de MicroFoil a Microfoil. Tambien puede usarse perfectamente con globos de l\u00e1tex a l\u00e1tex, globos de microfoil a l\u00e1tex.<\/p>\n<p>Contiene 125ml y rinde para 175 aplicaciones, aproximadamente.<\/p>\n<p>Se debe esperar unos minutos luego de su aplicaci\u00f3n para que pegue completamente. Tiene excelente adherencia.<\/p>\n<p>Marca Boliglobos.<\/p>\n<p><strong>Modo de Uso:<\/strong><\/p>\n<p>Agite antes de usar; aplique sobre las dos superficies a pegar con el dosificador y adherir instant\u00e1neamente.<\/p>\n<p><strong>Recomendaciones<\/strong><\/p>\n<p>Debes tener Cuidado con ni\u00f1os y mascotas.<\/p>\n<p>Producto inflamable.<\/p>\n<p>Contenido bajo presi\u00f3n, no perfore ni exponga el envase a temperaturas elevadas.<\/p>\n<p>Evite la inhalaci\u00f3n de vapores.<\/p>\n<p>Conservar en un lugar fresco y seco.<\/p>\n","protected":false},"excerpt":{"rendered":"<p>Frasco con Pegante en aerosol para pegar globos.<\/p>\n<p>Marca Boliglobos.<\/p>\n<p><img loading=\"lazy\" decoding=\"async\" class=\"wp-image-285 alignleft\" src=\"https:\/\/artystas.co\/wp-content\/uploads\/2021\/07\/envios.png\" alt=\"\" width=\"200\" height=\"36\" \/><\/p>\n<p>&nbsp;<\/p>\n<p>&nbsp;<\/p>\n","protected":false},"featured_media":604,"template":"","meta":{"_mi_skip_tracking":false,"_monsterinsights_sitenote_active":false,"_monsterinsights_sitenote_note":"","_monsterinsights_sitenote_category":0},"product_cat":[19],"product_tag":[99,100,98,101,28,30,27],"class_list":["post-512","product","type-product","status-publish","has-post-thumbnail","hentry","product_cat-pegas","product_tag-pega-flux","product_tag-pega-flux-ultra","product_tag-pegaflux","product_tag-pegaflux-ultra","product_tag-pegante-de-globos","product_tag-pegante-para-globos","product_tag-pegas-para-globos"],"_links":{"self":[{"href":"https:\/\/artystas.co\/index.php\/wp-json\/wp\/v2\/product\/512","targetHints":{"allow":["GET"]}}],"collection":[{"href":"https:\/\/artystas.co\/index.php\/wp-json\/wp\/v2\/product"}],"about":[{"href":"https:\/\/artystas.co\/index.php\/wp-json\/wp\/v2\/types\/product"}],"wp:featuredmedia":[{"embeddable":true,"href":"https:\/\/artystas.co\/index.php\/wp-json\/wp\/v2\/media\/604"}],"wp:attachment":[{"href":"https:\/\/artystas.co\/index.php\/wp-json\/wp\/v2\/media?parent=512"}],"wp:term":[{"taxonomy":"product_cat","embeddable":true,"href":"https:\/\/artystas.co\/index.php\/wp-json\/wp\/v2\/product_cat?post=512"},{"taxonomy":"product_tag","embeddable":true,"href":"https:\/\/artystas.co\/index.php\/wp-json\/wp\/v2\/product_tag?post=512"}],"curies":[{"name":"wp","href":"https:\/\/api.w.org\/{rel}","templated":true}]}}