{"id":682,"date":"2024-01-04T22:31:24","date_gmt":"2024-01-05T03:31:24","guid":{"rendered":"https:\/\/artystas.co\/?post_type=product&#038;p=682"},"modified":"2024-01-05T19:01:57","modified_gmt":"2024-01-06T00:01:57","slug":"crear-cuenta-de-instagram-para-tu-negocio","status":"publish","type":"product","link":"https:\/\/artystas.co\/index.php\/producto\/crear-cuenta-de-instagram-para-tu-negocio\/","title":{"rendered":"Crear Cuenta de Instagram para tu negocio"},"content":{"rendered":"<p>\u00bfTienes un emprendimiento pero a\u00fan no tienes cuenta de Instagram? Entonces este taller practico es para ti, porque aprender\u00e1s desde cero \u00ab0\u00bb a crear una cuenta de Instagram para tu negocio.<\/p>\n<p>Si eres de las personas que no dominan las tecnolog\u00edas o que piensan que lo digital no es lo suyo, no te preocupes! manejamos una metodolog\u00eda din\u00e1mica y practica que te permitir\u00e1 aprender el tema f\u00e1cilmente.<\/p>\n<p>Este taller es en modalidad presencial de una sola sesi\u00f3n de 2 a 3 horas. La duraci\u00f3n depende del ritmo de aprendizaje del asistente, ya que el taller adem\u00e1s de ser totalmente pr\u00e1ctico es semi personalizado; la idea es que al terminar el taller domines el tema visto con naturalidad.<\/p>\n<p>Este taller est\u00e1 dirigido a personas desde los 7 a\u00f1os en adelante.<\/p>\n<p>Se entrega certificado de asistencia.<\/p>\n<p>&nbsp;<\/p>\n<p><strong>Recomendaciones<\/strong><\/p>\n<p>Venir con ropa c\u00f3moda<\/p>\n<p>Disponibilidad de m\u00ednimo 2 horas para desarrollar el taller.<\/p>\n<p>El taller es en una terraza en un segundo piso sin ascensor, por favor cu\u00e9ntanos si tienes alguna condici\u00f3n especial que te impida subir las escaleras.<\/p>\n<p>La oficina de Artystas no cuenta con parqueadero; Recomendamos qu\u00e9 si vienes en veh\u00edculo particular, llegar con anticipaci\u00f3n para ubicar parqueaderos cercanos.<\/p>\n<p>&nbsp;<\/p>\n<p><strong>Requisitos<\/strong><\/p>\n<p>Para el desarrollo del taller, debes llevar un dispositivo celular smartphone, Tablet o computador port\u00e1til y contar con una cuenta de correo electr\u00f3nico. Si no tienes cuenta de correo y\/o no sabes como crearla, no te preocupes, puedes reservar una asesor\u00eda personalizada previa al taller y te ense\u00f1amos a crearla. (las asesor\u00edas personalizadas tienen costo adicional).<\/p>\n<p>El taller es personal, evita traer acompa\u00f1antes a menos que tambi\u00e9n sea participante del taller y haya reservado su cupo.<\/p>\n<p>El taller empieza m\u00e1ximo 10 minutos despu\u00e9s del horario programado.<\/p>\n<p>Sugerimos qu\u00e9 organices el tiempo y desplazamiento para que puedas llegar puntual y no te pierdas ning\u00fan detalle de el desarrollo de la actividad.<\/p>\n<p>Si por alguna raz\u00f3n de fuerza mayor no puedes asistir, no se realiza devoluci\u00f3n de dinero, pero puedes cederle el cupo a alg\u00fan familiar, amigo o conocido o reservarlo para una pr\u00f3xima fecha.<\/p>\n<p>Tener en cuenta que cada taller es diferente, no siempre realizamos el mismo temario, por eso el valor tambi\u00e9n puede variar<\/p>\n<p>&nbsp;<\/p>\n","protected":false},"excerpt":{"rendered":"<p>\u00bfTienes un emprendimiento pero a\u00fan no tienes cuenta de Instagram? Entonces este taller practico es para ti, porque aprender\u00e1s desde cero \u00ab0\u00bb a crear una cuenta de Instagram para tu negocio.<\/p>\n","protected":false},"featured_media":683,"template":"","meta":{"_mi_skip_tracking":false,"_monsterinsights_sitenote_active":false,"_monsterinsights_sitenote_note":"","_monsterinsights_sitenote_category":0},"product_cat":[122],"product_tag":[123,124,125,126],"class_list":["post-682","product","type-product","status-publish","has-post-thumbnail","hentry","product_cat-taller","product_tag-crear-cuenta-de-instagram-para-tu-negocio","product_tag-crearcuentadeinstagram","product_tag-cuentainstagramnegocios","product_tag-taller-redes-sociales"],"_links":{"self":[{"href":"https:\/\/artystas.co\/index.php\/wp-json\/wp\/v2\/product\/682","targetHints":{"allow":["GET"]}}],"collection":[{"href":"https:\/\/artystas.co\/index.php\/wp-json\/wp\/v2\/product"}],"about":[{"href":"https:\/\/artystas.co\/index.php\/wp-json\/wp\/v2\/types\/product"}],"wp:featuredmedia":[{"embeddable":true,"href":"https:\/\/artystas.co\/index.php\/wp-json\/wp\/v2\/media\/683"}],"wp:attachment":[{"href":"https:\/\/artystas.co\/index.php\/wp-json\/wp\/v2\/media?parent=682"}],"wp:term":[{"taxonomy":"product_cat","embeddable":true,"href":"https:\/\/artystas.co\/index.php\/wp-json\/wp\/v2\/product_cat?post=682"},{"taxonomy":"product_tag","embeddable":true,"href":"https:\/\/artystas.co\/index.php\/wp-json\/wp\/v2\/product_tag?post=682"}],"curies":[{"name":"wp","href":"https:\/\/api.w.org\/{rel}","templated":true}]}}