{"id":684,"date":"2024-01-04T22:48:35","date_gmt":"2024-01-05T03:48:35","guid":{"rendered":"https:\/\/artystas.co\/?post_type=product&#038;p=684"},"modified":"2024-01-05T18:59:31","modified_gmt":"2024-01-05T23:59:31","slug":"configura-la-cuenta-de-instagram-de-forma-profesional","status":"publish","type":"product","link":"https:\/\/artystas.co\/index.php\/producto\/configura-la-cuenta-de-instagram-de-forma-profesional\/","title":{"rendered":"Configura el Instagram de tu negocio (Nivel B\u00e1sico)"},"content":{"rendered":"<p>\u00bfTienes una cuenta de Instagram, pero no se ve profesional? Entonces este taller practico es para ti, porque aprender\u00e1s a configurar la cuenta de Instagram de tu negocio para que se vea m\u00e1s profesional.<\/p>\n<p>Si eres de las personas que no dominan las tecnolog\u00edas o que piensan que lo digital no es lo suyo, no te preocupes! manejamos una metodolog\u00eda din\u00e1mica y practica que te permitir\u00e1 aprender el tema f\u00e1cilmente.<\/p>\n<p>Este taller es en modalidad presencial de una sola sesi\u00f3n de 2 a 3 horas. La duraci\u00f3n depende del ritmo de aprendizaje del asistente, ya que el taller adem\u00e1s de ser totalmente pr\u00e1ctico es semi personalizado; la idea es que al terminar el taller domines el tema visto con naturalidad.<\/p>\n<p>Este taller est\u00e1 dirigido a personas desde los 7 a\u00f1os en adelante.<\/p>\n<p>Se entrega certificado de asistencia.<\/p>\n<p>Esta tem\u00e1tica tiene nivel b\u00e1sico, intermedio y avanzado; Este m\u00f3dulo en particular corresponde con el nivel b\u00e1sico<\/p>\n<p>&nbsp;<\/p>\n<p><strong>Recomendaciones<\/strong><\/p>\n<p>Venir con ropa c\u00f3moda<\/p>\n<p>Disponibilidad de m\u00ednimo 2 horas para desarrollar el taller.<\/p>\n<p>El taller es en una terraza en un segundo piso sin ascensor, por favor cu\u00e9ntanos si tienes alguna condici\u00f3n especial que te impida subir las escaleras.<\/p>\n<p>La oficina de Artystas no cuenta con parqueadero; Recomendamos qu\u00e9 si vienes en veh\u00edculo particular, llegar con anticipaci\u00f3n para ubicar parqueaderos cercanos.<\/p>\n<p>&nbsp;<\/p>\n<p><strong>Requisitos<\/strong><\/p>\n<p>Para el desarrollo del taller, debes llevar un dispositivo celular smartphone, Tablet o computador port\u00e1til.<\/p>\n<p>Contar con una cuenta de Instagram. Si no tienes cuenta de Instagram y\/o no sabes como crearla, no te preocupes, puedes inscribirte primero en el taller\u00a0 <a href=\"https:\/\/artystas.co\/index.php\/producto\/crear-cuenta-de-instagram-para-tu-negocio\/\">Crear Cuenta de Instagram para tu negocio<\/a><\/p>\n<p>El taller es personal, evita traer acompa\u00f1antes a menos que tambi\u00e9n sea participante del taller y haya reservado su cupo.<\/p>\n<p>El taller empieza m\u00e1ximo 10 minutos despu\u00e9s del horario programado.<\/p>\n<p>Sugerimos qu\u00e9 organices el tiempo y desplazamiento para que puedas llegar puntual y no te pierdas ning\u00fan detalle de el desarrollo de la actividad.<\/p>\n<p>Si por alguna raz\u00f3n de fuerza mayor no puedes asistir, no se realiza devoluci\u00f3n de dinero, pero puedes cederle el cupo a alg\u00fan familiar, amigo o conocido o reservarlo para una pr\u00f3xima fecha.<\/p>\n<p>Tener en cuenta que cada taller es diferente, no siempre realizamos el mismo temario, por eso el valor tambi\u00e9n puede variar<\/p>\n<p>&nbsp;<\/p>\n","protected":false},"excerpt":{"rendered":"<p>\u00bfTienes una cuenta de Instagram, pero no se ve profesional? Entonces este taller practico es para ti, porque aprender\u00e1s a configurar la cuenta de Instagram de tu negocio para que se vea m\u00e1s profesional.<\/p>\n","protected":false},"featured_media":685,"template":"","meta":{"_mi_skip_tracking":false,"_monsterinsights_sitenote_active":false,"_monsterinsights_sitenote_note":"","_monsterinsights_sitenote_category":0},"product_cat":[122],"product_tag":[127,123,128,129,126],"class_list":["post-684","product","type-product","status-publish","has-post-thumbnail","hentry","product_cat-taller","product_tag-ajustar-perfil-de-instagram","product_tag-crear-cuenta-de-instagram-para-tu-negocio","product_tag-informacion-a-mostrar-en-un-perfil-de-instagram","product_tag-instagram","product_tag-taller-redes-sociales"],"_links":{"self":[{"href":"https:\/\/artystas.co\/index.php\/wp-json\/wp\/v2\/product\/684","targetHints":{"allow":["GET"]}}],"collection":[{"href":"https:\/\/artystas.co\/index.php\/wp-json\/wp\/v2\/product"}],"about":[{"href":"https:\/\/artystas.co\/index.php\/wp-json\/wp\/v2\/types\/product"}],"wp:featuredmedia":[{"embeddable":true,"href":"https:\/\/artystas.co\/index.php\/wp-json\/wp\/v2\/media\/685"}],"wp:attachment":[{"href":"https:\/\/artystas.co\/index.php\/wp-json\/wp\/v2\/media?parent=684"}],"wp:term":[{"taxonomy":"product_cat","embeddable":true,"href":"https:\/\/artystas.co\/index.php\/wp-json\/wp\/v2\/product_cat?post=684"},{"taxonomy":"product_tag","embeddable":true,"href":"https:\/\/artystas.co\/index.php\/wp-json\/wp\/v2\/product_tag?post=684"}],"curies":[{"name":"wp","href":"https:\/\/api.w.org\/{rel}","templated":true}]}}